[INFO] cloning repository https://github.com/bwte/lifetch
[INFO] running `Command { std: "git" "-c" "credential.helper=" "-c" "credential.helper=/workspace/cargo-home/bin/git-credential-null" "clone" "--bare" "https://github.com/bwte/lifetch" "/workspace/cache/git-repos/https%3A%2F%2Fgithub.com%2Fbwte%2Flifetch", kill_on_drop: false }`
[INFO] [stderr] Cloning into bare repository '/workspace/cache/git-repos/https%3A%2F%2Fgithub.com%2Fbwte%2Flifetch'...
[INFO] running `Command { std: "git" "rev-parse" "HEAD", kill_on_drop: false }`
[INFO] [stdout] 6ff25de73a00adebdf589dc60dbb77f0a09dbc8d
[INFO] checking bwte/lifetch against master#9610dfe5a9a731ced1ea4923ecbd0c57fe367898 for beta-170-4
[INFO] running `Command { std: "git" "clone" "/workspace/cache/git-repos/https%3A%2F%2Fgithub.com%2Fbwte%2Flifetch" "/workspace/builds/worker-6-tc1/source", kill_on_drop: false }`
[INFO] [stderr] Cloning into '/workspace/builds/worker-6-tc1/source'...
[INFO] [stderr] done.
[INFO] validating manifest of git repo https://github.com/bwte/lifetch on toolchain 9610dfe5a9a731ced1ea4923ecbd0c57fe367898
[INFO] running `Command { std: CARGO_HOME="/workspace/cargo-home" RUSTUP_HOME="/workspace/rustup-home" "/workspace/cargo-home/bin/cargo" "+9610dfe5a9a731ced1ea4923ecbd0c57fe367898" "metadata" "--manifest-path" "Cargo.toml" "--no-deps", kill_on_drop: false }`
[INFO] started tweaking git repo https://github.com/bwte/lifetch
[INFO] finished tweaking git repo https://github.com/bwte/lifetch
[INFO] tweaked toml for git repo https://github.com/bwte/lifetch written to /workspace/builds/worker-6-tc1/source/Cargo.toml
[INFO] crate git repo https://github.com/bwte/lifetch already has a lockfile, it will not be regenerated
[INFO] running `Command { std: CARGO_HOME="/workspace/cargo-home" RUSTUP_HOME="/workspace/rustup-home" "/workspace/cargo-home/bin/cargo" "+9610dfe5a9a731ced1ea4923ecbd0c57fe367898" "fetch" "--manifest-path" "Cargo.toml", kill_on_drop: false }`
[INFO] running `Command { std: "docker" "create" "-v" "/var/lib/crater-agent-workspace/builds/worker-6-tc1/target:/opt/rustwide/target:rw,Z" "-v" "/var/lib/crater-agent-workspace/builds/worker-6-tc1/source:/opt/rustwide/workdir:ro,Z" "-v" "/var/lib/crater-agent-workspace/cargo-home:/opt/rustwide/cargo-home:ro,Z" "-v" "/var/lib/crater-agent-workspace/rustup-home:/opt/rustwide/rustup-home:ro,Z" "-e" "SOURCE_DIR=/opt/rustwide/workdir" "-e" "CARGO_TARGET_DIR=/opt/rustwide/target" "-e" "CARGO_HOME=/opt/rustwide/cargo-home" "-e" "RUSTUP_HOME=/opt/rustwide/rustup-home" "-w" "/opt/rustwide/workdir" "-m" "1610612736" "--user" "0:0" "--network" "none" "ghcr.io/rust-lang/crates-build-env/linux@sha256:19e73879b68f455e41552ea35293514db52ea292d993f571636dbffedb77a1ee" "/opt/rustwide/cargo-home/bin/cargo" "+9610dfe5a9a731ced1ea4923ecbd0c57fe367898" "metadata" "--no-deps" "--format-version=1", kill_on_drop: false }`
[INFO] [stdout] 186087b132aa34232f53641fae39ef6a175436dc5fca8daa4b885f0362d16037
[INFO] running `Command { std: "docker" "start" "-a" "186087b132aa34232f53641fae39ef6a175436dc5fca8daa4b885f0362d16037", kill_on_drop: false }`
[INFO] running `Command { std: "docker" "inspect" "186087b132aa34232f53641fae39ef6a175436dc5fca8daa4b885f0362d16037", kill_on_drop: false }`
[INFO] running `Command { std: "docker" "rm" "-f" "186087b132aa34232f53641fae39ef6a175436dc5fca8daa4b885f0362d16037", kill_on_drop: false }`
[INFO] [stdout] 186087b132aa34232f53641fae39ef6a175436dc5fca8daa4b885f0362d16037
[INFO] running `Command { std: "docker" "create" "-v" "/var/lib/crater-agent-workspace/builds/worker-6-tc1/target:/opt/rustwide/target:rw,Z" "-v" "/var/lib/crater-agent-workspace/builds/worker-6-tc1/source:/opt/rustwide/workdir:ro,Z" "-v" "/var/lib/crater-agent-workspace/cargo-home:/opt/rustwide/cargo-home:ro,Z" "-v" "/var/lib/crater-agent-workspace/rustup-home:/opt/rustwide/rustup-home:ro,Z" "-e" "SOURCE_DIR=/opt/rustwide/workdir" "-e" "CARGO_TARGET_DIR=/opt/rustwide/target" "-e" "CARGO_INCREMENTAL=0" "-e" "RUST_BACKTRACE=full" "-e" "RUSTFLAGS=--cap-lints=forbid" "-e" "RUSTDOCFLAGS=--cap-lints=forbid" "-e" "CARGO_HOME=/opt/rustwide/cargo-home" "-e" "RUSTUP_HOME=/opt/rustwide/rustup-home" "-w" "/opt/rustwide/workdir" "-m" "1610612736" "--user" "0:0" "--network" "none" "ghcr.io/rust-lang/crates-build-env/linux@sha256:19e73879b68f455e41552ea35293514db52ea292d993f571636dbffedb77a1ee" "/opt/rustwide/cargo-home/bin/cargo" "+9610dfe5a9a731ced1ea4923ecbd0c57fe367898" "check" "--frozen" "--all" "--all-targets" "--message-format=json", kill_on_drop: false }`
[INFO] [stdout] a2677ea96ffe70a4c82d732c8737d753fdf81d3cf1f6ec045a0fe54d38645a6b
[INFO] running `Command { std: "docker" "start" "-a" "a2677ea96ffe70a4c82d732c8737d753fdf81d3cf1f6ec045a0fe54d38645a6b", kill_on_drop: false }`
[INFO] [stderr]    Compiling autocfg v1.1.0
[INFO] [stderr]    Compiling libc v0.2.132
[INFO] [stderr]    Compiling crossbeam-utils v0.8.11
[INFO] [stderr]     Checking cfg-if v1.0.0
[INFO] [stderr]    Compiling proc-macro2 v1.0.43
[INFO] [stderr]    Compiling quote v1.0.21
[INFO] [stderr]    Compiling rayon-core v1.9.3
[INFO] [stderr]    Compiling unicode-ident v1.0.3
[INFO] [stderr]    Compiling crc32fast v1.3.2
[INFO] [stderr]    Compiling syn v1.0.99
[INFO] [stderr]     Checking scopeguard v1.1.0
[INFO] [stderr]    Compiling futures-core v0.3.24
[INFO] [stderr]     Checking once_cell v1.13.1
[INFO] [stderr]    Compiling memoffset v0.6.5
[INFO] [stderr]    Compiling crossbeam-epoch v0.9.10
[INFO] [stderr]    Compiling lock_api v0.4.8
[INFO] [stderr]    Compiling num-traits v0.2.15
[INFO] [stderr]    Compiling rayon v1.5.3
[INFO] [stderr]    Compiling num-integer v0.1.45
[INFO] [stderr]    Compiling num-rational v0.4.1
[INFO] [stderr]     Checking adler v1.0.2
[INFO] [stderr]     Checking num_cpus v1.13.1
[INFO] [stderr]     Checking miniz_oxide v0.5.3
[INFO] [stderr]     Checking crossbeam-channel v0.5.6
[INFO] [stderr]     Checking crossbeam-deque v0.8.2
[INFO] [stderr]     Checking getrandom v0.2.7
[INFO] [stderr]     Checking either v1.8.0
[INFO] [stderr]     Checking spin v0.9.4
[INFO] [stderr]     Checking flate2 v1.0.24
[INFO] [stderr]     Checking nanorand v0.7.0
[INFO] [stderr]     Checking weezl v0.1.7
[INFO] [stderr]     Checking futures-sink v0.3.24
[INFO] [stderr]     Checking threadpool v1.8.1
[INFO] [stderr]     Checking bitflags v1.3.2
[INFO] [stderr]     Checking half v1.8.2
[INFO] [stderr]     Checking lebe v0.5.2
[INFO] [stderr]     Checking bit_field v0.10.1
[INFO] [stderr]     Checking smallvec v1.9.0
[INFO] [stderr]     Checking color_quant v1.1.0
[INFO] [stderr]     Checking gif v0.11.4
[INFO] [stderr]     Checking png v0.17.6
[INFO] [stderr]     Checking byteorder v1.4.3
[INFO] [stderr]     Checking bytemuck v1.12.1
[INFO] [stderr]     Checking scoped_threadpool v0.1.9
[INFO] [stderr]     Checking jpeg-decoder v0.2.6
[INFO] [stderr]     Checking tiff v0.7.3
[INFO] [stderr]    Compiling pin-project-internal v1.0.12
[INFO] [stderr]     Checking pin-project v1.0.12
[INFO] [stderr]     Checking flume v0.10.14
[INFO] [stderr]     Checking exr v1.5.0
[INFO] [stderr]     Checking image v0.24.3
[INFO] [stderr]     Checking hyperfetch v0.1.0 (/opt/rustwide/workdir)
[INFO] [stdout] error: unexpected token: `}`
[INFO] [stdout]   --> src/image/mod.rs:20:9
[INFO] [stdout]    |
[INFO] [stdout] 20 |         }
[INFO] [stdout]    |         ^
[INFO] [stdout] 
[INFO] [stdout] 
[INFO] [stdout] error: unexpected token: `}`
[INFO] [stdout]   --> src/image/mod.rs:20:9
[INFO] [stdout]    |
[INFO] [stdout] 20 |         }
[INFO] [stdout]    |         ^
[INFO] [stdout] 
[INFO] [stdout] 
[INFO] [stdout] error[E0432]: unresolved import `crate::image::process_image`
[INFO] [stdout]   --> src/main.rs:10:5
[INFO] [stdout]    |
[INFO] [stdout] 10 | use crate::image::process_image;
[INFO] [stdout]    |     ^^^^^^^^^^^^^^^^^^^^^^^^^^^ no `process_image` in `image`
[INFO] [stdout] 
[INFO] [stdout] 
[INFO] [stdout] error[E0432]: unresolved import `crate::image::process_image`
[INFO] [stdout]   --> src/main.rs:10:5
[INFO] [stdout]    |
[INFO] [stdout] 10 | use crate::image::process_image;
[INFO] [stdout]    |     ^^^^^^^^^^^^^^^^^^^^^^^^^^^ no `process_image` in `image`
[INFO] [stdout] 
[INFO] [stdout] 
[INFO] [stdout] warning: unused import: `std::borrow::Borrow`
[INFO] [stdout]  --> src/image/mod.rs:1:5
[INFO] [stdout]   |
[INFO] [stdout] 1 | use std::borrow::Borrow;
[INFO] [stdout]   |     ^^^^^^^^^^^^^^^^^^^
[INFO] [stdout]   |
[INFO] [stdout]   = note: `#[warn(unused_imports)]` on by default
[INFO] [stdout] 
[INFO] [stdout] 
[INFO] [stdout] warning: unused import: `std::borrow::Borrow`
[INFO] [stdout]  --> src/image/mod.rs:1:5
[INFO] [stdout]   |
[INFO] [stdout] 1 | use std::borrow::Borrow;
[INFO] [stdout]   |     ^^^^^^^^^^^^^^^^^^^
[INFO] [stdout]   |
[INFO] [stdout]   = note: `#[warn(unused_imports)]` on by default
[INFO] [stdout] 
[INFO] [stdout] 
[INFO] [stdout] error[E0308]: mismatched types
[INFO] [stdout]   --> src/image/mod.rs:19:18
[INFO] [stdout]    |
[INFO] [stdout] 17 |     pub fn get_mode(&self, mode: &str) -> String {
[INFO] [stdout]    |                                           ------ expected `String` because of return type
[INFO] [stdout] 18 |         match mode {
[INFO] [stdout] 19 |             _ => default::Default::new(self.image).
[INFO] [stdout]    |                  ^^^^^^^^^^^^^^^^^^^^^^^^^^^^^^^^^ expected `String`, found `Default`
[INFO] [stdout] 
[INFO] [stdout] 
[INFO] [stdout] error[E0308]: mismatched types
[INFO] [stdout]   --> src/image/mod.rs:19:18
[INFO] [stdout]    |
[INFO] [stdout] 17 |     pub fn get_mode(&self, mode: &str) -> String {
[INFO] [stdout]    |                                           ------ expected `String` because of return type
[INFO] [stdout] 18 |         match mode {
[INFO] [stdout] 19 |             _ => default::Default::new(self.image).
[INFO] [stdout]    |                  ^^^^^^^^^^^^^^^^^^^^^^^^^^^^^^^^^ expected `String`, found `Default`
[INFO] [stdout] 
[INFO] [stdout] 
[INFO] [stdout] error: aborting due to 3 previous errors; 1 warning emitted
[INFO] [stdout] 
[INFO] [stdout] 
[INFO] [stdout] Some errors have detailed explanations: E0308, E0432.
[INFO] [stdout] 
[INFO] [stdout] For more information about an error, try `rustc --explain E0308`.
[INFO] [stdout] 
[INFO] [stdout] error: aborting due to 3 previous errors; 1 warning emitted
[INFO] [stdout] 
[INFO] [stdout] 
[INFO] [stdout] Some errors have detailed explanations: E0308, E0432.
[INFO] [stdout] 
[INFO] [stdout] For more information about an error, try `rustc --explain E0308`.
[INFO] [stdout] 
[INFO] [stderr] error: could not compile `hyperfetch` (bin "hyperfetch" test) due to 4 previous errors; 1 warning emitted
[INFO] [stderr] warning: build failed, waiting for other jobs to finish...
[INFO] [stderr] error: could not compile `hyperfetch` (bin "hyperfetch") due to 4 previous errors; 1 warning emitted
[INFO] running `Command { std: "docker" "inspect" "a2677ea96ffe70a4c82d732c8737d753fdf81d3cf1f6ec045a0fe54d38645a6b", kill_on_drop: false }`
[INFO] running `Command { std: "docker" "rm" "-f" "a2677ea96ffe70a4c82d732c8737d753fdf81d3cf1f6ec045a0fe54d38645a6b", kill_on_drop: false }`
[INFO] [stdout] a2677ea96ffe70a4c82d732c8737d753fdf81d3cf1f6ec045a0fe54d38645a6b
